{"id":11,"date":"2023-09-30T20:22:04","date_gmt":"2023-09-30T18:22:04","guid":{"rendered":"https:\/\/slaviaplavani.cz\/?page_id=11"},"modified":"2023-10-22T22:38:40","modified_gmt":"2023-10-22T20:38:40","slug":"home","status":"publish","type":"page","link":"https:\/\/slaviaplavani.cz\/?page_id=11","title":{"rendered":"Novinky"},"content":{"rendered":"\n<h2 class=\"wp-block-heading has-text-color\" style=\"color:#093249\">Plze\u0148sk\u00e9 sprinty<\/h2>\n\n\n\n<p>Prvn\u00ed z\u00e1vody n\u00e1s \u010dekaj\u00ed v Plzni, 7. &#8211; 8. \u0159\u00edjna, na baz\u00e9n\u011b Slavia Plze\u0148.<\/p>\n\n\n\n<h2 class=\"wp-block-heading has-vivid-red-color has-text-color\">Za\u010d\u00edn\u00e1me tr\u00e9novat<\/h2>\n\n\n\n<p>Po pr\u00e1zdnin\u00e1ch za\u010d\u00edn\u00e1me op\u011bt tr\u00e9novat. Prvn\u00ed tr\u00e9nink bude 4. z\u00e1\u0159\u00ed 2023 od 8:00. Dal\u0161\u00ed tr\u00e9ninky podle rozpisu tr\u00e9nink\u016f.<\/p>\n","protected":false},"excerpt":{"rendered":"<p>Plze\u0148sk\u00e9 sprinty Prvn\u00ed z\u00e1vody n\u00e1s \u010dekaj\u00ed v Plzni, 7. &#8211; 8. \u0159\u00edjna, na baz\u00e9n\u011b Slavia Plze\u0148. Za\u010d\u00edn\u00e1me tr\u00e9novat Po pr\u00e1zdnin\u00e1ch za\u010d\u00edn\u00e1me op\u011bt tr\u00e9novat. Prvn\u00ed tr\u00e9nink bude 4. z\u00e1\u0159\u00ed 2023 od 8:00. Dal\u0161\u00ed tr\u00e9ninky podle rozpisu tr\u00e9nink\u016f.<\/p>\n","protected":false},"author":1,"featured_media":0,"parent":0,"menu_order":0,"comment_status":"closed","ping_status":"closed","template":"","meta":{"om_disable_all_campaigns":false,"_monsterinsights_skip_tracking":false,"_monsterinsights_sitenote_active":false,"_monsterinsights_sitenote_note":"","_monsterinsights_sitenote_category":0,"footnotes":""},"aioseo_notices":[],"_links":{"self":[{"href":"https:\/\/slaviaplavani.cz\/index.php?rest_route=\/wp\/v2\/pages\/11"}],"collection":[{"href":"https:\/\/slaviaplavani.cz\/index.php?rest_route=\/wp\/v2\/pages"}],"about":[{"href":"https:\/\/slaviaplavani.cz\/index.php?rest_route=\/wp\/v2\/types\/page"}],"author":[{"embeddable":true,"href":"https:\/\/slaviaplavani.cz\/index.php?rest_route=\/wp\/v2\/users\/1"}],"replies":[{"embeddable":true,"href":"https:\/\/slaviaplavani.cz\/index.php?rest_route=%2Fwp%2Fv2%2Fcomments&post=11"}],"version-history":[{"count":5,"href":"https:\/\/slaviaplavani.cz\/index.php?rest_route=\/wp\/v2\/pages\/11\/revisions"}],"predecessor-version":[{"id":38,"href":"https:\/\/slaviaplavani.cz\/index.php?rest_route=\/wp\/v2\/pages\/11\/revisions\/38"}],"wp:attachment":[{"href":"https:\/\/slaviaplavani.cz\/index.php?rest_route=%2Fwp%2Fv2%2Fmedia&parent=11"}],"curies":[{"name":"wp","href":"https:\/\/api.w.org\/{rel}","templated":true}]}}