{"id":53,"date":"2023-10-01T00:40:41","date_gmt":"2023-09-30T22:40:41","guid":{"rendered":"https:\/\/slaviaplavani.cz\/?page_id=53"},"modified":"2024-02-11T19:57:41","modified_gmt":"2024-02-11T18:57:41","slug":"rekordy","status":"publish","type":"page","link":"https:\/\/slaviaplavani.cz\/?page_id=53","title":{"rendered":"Rekordy"},"content":{"rendered":"\n<h1 class=\"wp-block-heading has-text-align-center has-vivid-red-color has-text-color\">50 m baz\u00e9n<\/h1>\n\n\n\n<h2 class=\"wp-block-heading\">Mot\u00fdlek &#8211; \u017eeny<\/h2>\n\n\n\n<p><\/p>\n\n\n\n<figure class=\"wp-block-table\"><table class=\"has-cyan-bluish-gray-background-color has-background\"><thead><tr><th class=\"has-text-align-center\" data-align=\"center\">Discipl\u00edna<\/th><th class=\"has-text-align-center\" data-align=\"center\">\u010cas<\/th><th class=\"has-text-align-center\" data-align=\"center\">Jm\u00e9no<\/th><th class=\"has-text-align-center\" data-align=\"center\">Ro\u010dn\u00edk<\/th><th class=\"has-text-align-center\" data-align=\"center\">M\u00edsto<\/th><th class=\"has-text-align-center\" data-align=\"center\">Datum<\/th><th class=\"has-text-align-center\" data-align=\"center\">Kategorie<\/th><\/tr><\/thead><tbody><tr><td class=\"has-text-align-center\" data-align=\"center\" rowspan=\"9\"><strong>50 m<\/strong><\/td><td class=\"has-text-align-center\" data-align=\"center\">0:29.77<\/td><td class=\"has-text-align-center\" data-align=\"center\">VR\u00c1BL\u00cdKOV\u00c1 Veronika<\/td><td class=\"has-text-align-center\" data-align=\"center\">2006<\/td><td class=\"has-text-align-center\" data-align=\"center\">Liberec<\/td><td class=\"has-text-align-center\" data-align=\"center\">20.05.2022<\/td><td class=\"has-text-align-center\" data-align=\"center\">Open<\/td><\/tr><tr><td class=\"has-text-align-center\" data-align=\"center\">0:31.64<\/td><td class=\"has-text-align-center\" data-align=\"center\">VR\u00c1BL\u00cdKOV\u00c1 Veronika<\/td><td class=\"has-text-align-center\" data-align=\"center\">2006<\/td><td class=\"has-text-align-center\" data-align=\"center\">Praha &#8211; Podol\u00ed<\/td><td class=\"has-text-align-center\" data-align=\"center\">04.06.2023<\/td><td class=\"has-text-align-center\" data-align=\"center\">Star\u0161\u00ed junio\u0159i<\/td><\/tr><tr><td class=\"has-text-align-center\" data-align=\"center\">0:29.77<\/td><td class=\"has-text-align-center\" data-align=\"center\">VR\u00c1BL\u00cdKOV\u00c1 Veronika<\/td><td class=\"has-text-align-center\" data-align=\"center\">2006<\/td><td class=\"has-text-align-center\" data-align=\"center\">Liberec<\/td><td class=\"has-text-align-center\" data-align=\"center\">20.05.2022<\/td><td class=\"has-text-align-center\" data-align=\"center\">Mlad\u0161\u00ed junio\u0159i<\/td><\/tr><tr><td class=\"has-text-align-center\" data-align=\"center\">0:33.70<\/td><td class=\"has-text-align-center\" data-align=\"center\">PI\u010cMANOV\u00c1 Vendula<\/td><td class=\"has-text-align-center\" data-align=\"center\">2001<\/td><td class=\"has-text-align-center\" data-align=\"center\">Praha Podol\u00ed<\/td><td class=\"has-text-align-center\" data-align=\"center\">25.04.2015<\/td><td class=\"has-text-align-center\" data-align=\"center\">14 let<\/td><\/tr><tr><td class=\"has-text-align-center\" data-align=\"center\">0:35.29<\/td><td class=\"has-text-align-center\" data-align=\"center\">PI\u010cMANOV\u00c1 Vendula<\/td><td class=\"has-text-align-center\" data-align=\"center\">2001<\/td><td class=\"has-text-align-center\" data-align=\"center\">\u010cesk\u00e9 Bud\u011bjovice<\/td><td class=\"has-text-align-center\" data-align=\"center\">01.03.2014<\/td><td class=\"has-text-align-center\" data-align=\"center\">13 let<\/td><\/tr><tr><td class=\"has-text-align-center\" data-align=\"center\">0:38.02<\/td><td class=\"has-text-align-center\" data-align=\"center\">BARTO\u0160OV\u00c1 Denisa<\/td><td class=\"has-text-align-center\" data-align=\"center\">2005<\/td><td class=\"has-text-align-center\" data-align=\"center\">\u00dast\u00ed n. L.<\/td><td class=\"has-text-align-center\" data-align=\"center\">22.04.2017<\/td><td class=\"has-text-align-center\" data-align=\"center\">12 let<\/td><\/tr><tr><td class=\"has-text-align-center\" data-align=\"center\">0:41.60<\/td><td class=\"has-text-align-center\" data-align=\"center\">\u017dOHOV\u00c1 Kate\u0159ina<\/td><td class=\"has-text-align-center\" data-align=\"center\">2006<\/td><td class=\"has-text-align-center\" data-align=\"center\">\u00dast\u00ed n. L.<\/td><td class=\"has-text-align-center\" data-align=\"center\">22.04.2017<\/td><td class=\"has-text-align-center\" data-align=\"center\">11 let<\/td><\/tr><tr><td class=\"has-text-align-center\" data-align=\"center\">&#8212;<\/td><td class=\"has-text-align-center\" data-align=\"center\">&#8212;<\/td><td class=\"has-text-align-center\" data-align=\"center\">&#8212;<\/td><td class=\"has-text-align-center\" data-align=\"center\">&#8212;<\/td><td class=\"has-text-align-center\" data-align=\"center\">&#8212;<\/td><td class=\"has-text-align-center\" data-align=\"center\">10 let<\/td><\/tr><tr><td class=\"has-text-align-center\" data-align=\"center\">&#8212;<\/td><td class=\"has-text-align-center\" data-align=\"center\">&#8212;<\/td><td class=\"has-text-align-center\" data-align=\"center\">&#8212;<\/td><td class=\"has-text-align-center\" data-align=\"center\">&#8212;<\/td><td class=\"has-text-align-center\" data-align=\"center\">&#8212;<\/td><td class=\"has-text-align-center\" data-align=\"center\">9 let a mlad\u0161\u00ed<\/td><\/tr><\/tbody><\/table><\/figure>\n\n\n\n<p><a href=\"https:\/\/vysledky.czechswimming.cz\/statistiky?page=1&amp;statisticAgeGroupId=1&amp;mastersAgeGroupId=25-29&amp;clubs=SKS&amp;gender=MALE&amp;disciplines=50%20Z,100%20Z,200%20Z&amp;poolLength=50&amp;splitTimes=all&amp;relayParts=all&amp;startDate=2023-01-01&amp;endDate=2023-12-31\" target=\"_blank\" rel=\"noopener\" title=\"Statistika na str\u00e1nk\u00e1ch \u010cSPS\">Statistika na str\u00e1nk\u00e1ch \u010cSPS<\/a><\/p>\n","protected":false},"excerpt":{"rendered":"<p>50 m baz\u00e9n Mot\u00fdlek &#8211; \u017eeny Discipl\u00edna \u010cas Jm\u00e9no Ro\u010dn\u00edk M\u00edsto Datum Kategorie 50 m 0:29.77 VR\u00c1BL\u00cdKOV\u00c1 Veronika 2006 Liberec 20.05.2022 Open 0:31.64 VR\u00c1BL\u00cdKOV\u00c1 Veronika 2006 Praha &#8211; Podol\u00ed 04.06.2023 Star\u0161\u00ed junio\u0159i 0:29.77 VR\u00c1BL\u00cdKOV\u00c1 Veronika 2006 Liberec 20.05.2022 Mlad\u0161\u00ed junio\u0159i 0:33.70 PI\u010cMANOV\u00c1 Vendula 2001 Praha Podol\u00ed 25.04.2015 14 let 0:35.29 PI\u010cMANOV\u00c1 Vendula 2001 \u010cesk\u00e9 Bud\u011bjovice [&hellip;]<\/p>\n","protected":false},"author":1,"featured_media":0,"parent":0,"menu_order":0,"comment_status":"closed","ping_status":"closed","template":"","meta":{"om_disable_all_campaigns":false,"_monsterinsights_skip_tracking":false,"_monsterinsights_sitenote_active":false,"_monsterinsights_sitenote_note":"","_monsterinsights_sitenote_category":0,"footnotes":""},"aioseo_notices":[],"_links":{"self":[{"href":"https:\/\/slaviaplavani.cz\/index.php?rest_route=\/wp\/v2\/pages\/53"}],"collection":[{"href":"https:\/\/slaviaplavani.cz\/index.php?rest_route=\/wp\/v2\/pages"}],"about":[{"href":"https:\/\/slaviaplavani.cz\/index.php?rest_route=\/wp\/v2\/types\/page"}],"author":[{"embeddable":true,"href":"https:\/\/slaviaplavani.cz\/index.php?rest_route=\/wp\/v2\/users\/1"}],"replies":[{"embeddable":true,"href":"https:\/\/slaviaplavani.cz\/index.php?rest_route=%2Fwp%2Fv2%2Fcomments&post=53"}],"version-history":[{"count":10,"href":"https:\/\/slaviaplavani.cz\/index.php?rest_route=\/wp\/v2\/pages\/53\/revisions"}],"predecessor-version":[{"id":276,"href":"https:\/\/slaviaplavani.cz\/index.php?rest_route=\/wp\/v2\/pages\/53\/revisions\/276"}],"wp:attachment":[{"href":"https:\/\/slaviaplavani.cz\/index.php?rest_route=%2Fwp%2Fv2%2Fmedia&parent=53"}],"curies":[{"name":"wp","href":"https:\/\/api.w.org\/{rel}","templated":true}]}}